 - -1?
2
What is the value of 10 + (-11 - -11 - 43) + 10?
-23
What is the value of 0 - -2 - (4 - (9 + 6))?
13
What is 0 - 4 - (0 + (-31 - -19 - -11))?
-3
Calculate 7 + 15 + -18 + (-10 - (2 + -1)).
-7
What is the value of -10 + (0 - -4) - -17?
11
Calculate 4 + (-7 + 5 + -4 - (-9 - -6)).
1
(249 - 230) + 3 + -14 + -1
7
What is 11 + (2 + -3 - -19)?
29
(1 - 3) + 5 - (10 + -7 + 16)
-16
What is -6 - -20 - (-21 + 16) - 8?
11
(-2 - -5 - 18) + 2 + 6
-7
Calculate 10 - (6 - (9 - (8 + -4))).
9
-3 + 11 + 41 + -36
13
What is -20 + (43 - 19) + 2?
6
Calculate -3 + (0 - (8 - 11 - 5)).
5
(-4 + 7 - (-16 - -17)) + -6
-4
Evaluate -22 - ((-5 - -23) + -50).
10
What is the value of -7 + (-4 - -63 - 27)?
25
What is the value of -1 + 16 - (8 - 23 - (-12 + -6))?
12
What is the value of 18 + (-60 + 60 - (-4 + (0 - 2)))?
24
What is -28 + 12 + 8 - -18?
10
Calculate 1 - 4 - (-2 + -13 + -10 + 17).
5
What is -23 - -18 - (17 - 7)?
-15
Calculate -1 + (1 - -25 - -4) + -9 + 6.
26
What is 19 - (-15 + (25 - 0))?
9
What is the value of 1 + 11 + (-33 - (-3 + -32))?
14
-2 + 1 - (6 + -4 + 20)
-23
Calculate (3 - -15) + -11 - (0 + 17).
-10
What is the value of (-10 - (9 + (9 - 23))) + -19 + 6?
-18
What is the value of 36 + -54 - -24 - (6 - 1)?
1
Evaluate -13 - (-173 - -166 - (-1 + -4)).
-11
What is the value of (-1 + 16 - 8) + (-20 - -2)?
-11
What is the value of 1 + (1 + -4 - (7 - (5 + 1)))?
-3
Calculate 164 + -194 - ((3 - 0) + -14).
-19
What is -13 - (1 + -3 + (7 - (-29 - -33)))?
-14
39 + -18 + (1 + 7 - 11)
18
What is the value of -35 + 11 + (-10 - 1) - (-9 + -1)?
-25
Calculate -1 + -24 + 2 - (-126 + 117).
-14
What is 0 + 1 + -15 + -11 + -3?
-28
What is (-39 - (68 - 63)) + (18 - 0)?
-26
What is the value of -8 - (-28 + 12 + 7)?
1
What is 8 + (8 + -7 - 8 - -6) + 2?
9
4 + (-6 - 0) + (-7 - -10) + 3
4
Evaluate 6 + 10 + -15 + -3 + 6.
4
Evaluate -24 - (18 + 2 + -43).
-1
What is 10 + -1 - (-11 + (-3 - -25))?
-2
What is -2 + (17 - (10 - (-3 - -6)))?
8
Evaluate (-17 - ((-1 - 14) + 33)) + 17.
-18
Calculate -4 - (-20 + 8 + 16 + -8).
0
-3 + -2 + (-6 - 2 - (-19 + -1))
7
-5 + 13 - -1 - 5
4
What is the value of 8 - -1 - ((-13 - -45) + -27)?
4
What is 6 - 0 - (19 - (-8 + 19 - -23))?
21
What is the value of -11 + -9 + 13 + 8?
1
Calculate (36 + -34 - (-5 + 0 - 0)) + 7.
14
What is the value of (6 - (16 - 1)) + 8 + -3?
-4
Evaluate -3 - ((-1 - 6) + (30 - 21) + 2).
-7
Evaluate 25 - (60 + -26) - -6.
-3
(1 + -7 - 1 - (-114 - -111)) + -23
-27
3 - 9 - -5 - (-6 + 4) - 3
-2
What is 4 - 0 - ((-1 - -3) + -2 + -2)?
6
Calculate (13 - (-4 - -11)) + (-7 - (3 - 1)).
-3
What is -38 + 4 + (49 - 24)?
-9
What is -22 + 18 + -30 + (0 - (-6 - -2))?
-30
Evaluate 107 + -20 + -38 + -19.
30
Evaluate (17 - -13) + -2 + -4 + -10.
14
What is the value of 9 - -2 - (-33 - -47) - (-3 - 2)?
2
What is (-9 - (-3 - -11)) + 2 + 5?
-10
What is -4 + -4 + -1 + 4 + 1 - -24?
20
What is 0 - -6 - (11 - 4)?
-1
What is 5 + 0 - (-14 + -1) - (-12 - -16)?
16
What is the value of -20 - (-33 - -23) - 6?
-16
(15 - 1) + (10 - 4 - (-11 + 21))
10
Calculate 26 - (35 - 0 - 19).
10
What is the value of -28 + -1 + -2 + 22 + (-1 - 7)?
-17
Evaluate (-3 - (6 - (5 - 2))) + -15 + -3.
-24
What is the value of 11 - (-11 + 19) - (6 - 10)?
7
-12 + 6 + -14 - 7
-27
Calculate 5 - (17 - (-1 + 2 + 4 + -11)).
-18
Evaluate -1 + -29 + (-31 + 44 - 2).
-19
Calculate -6 - (10 + -89) - 40.
33
What is -15 + -15 + 13 + 17?
0
Evaluate 9 + -14 - 3 - 8.
-16
What is -3 - -18 - (-13 + 44)?
-16
What is 0 + 0 + (-14 - -21)?
7
What is (-1 - -2 - 9 - (-51 + 48)) + -1?
-6
What is (-18 + 2 + 8 + 8 - -32) + -4?
28
Calculate (1 + 1 - -13) + 0.
15
What is -18 + (3 - 4) + (-150 - -158)?
-11
Evaluate (-19 - 17 - -19) + 12 + -13.
-18
Evaluate 22 + 22 - 22 - 29.
-7
(-5 - -1) + 0 + (10 + 14 - 11)
9
-1 + 7 + (4 - (-10 - -53 - 15))
-18
Calculate 19 + (28 - -6) + -53.
0
Calculate 6 + 9 + -24 - (35 + -20).
-24
Calculate 2 + -5 + 6 + 7 + -3.
7
Evaluate 13 - (-3 + 8 + 4 + -3 + -1).
8
What is (9 - -17 - 4) + -14 + -2 + 23?
29
Evaluate 4 - (4 + 0 + (-26 - -15) + 20).
-9
Evaluate (-3 + -5 - -8) + 7 + 0.
7
4 + 2 - 6 - 4
-4
What is 2 - (-5 + (21 - 9))?
-5
Calculate (15 + -22 - -22) + 4.
19
What is the value of 1 - (-21 - 1 - (-230 + 225))?
18
What is the value of -12 - -2 - ((-15 - -23) + (-15 - -3))?
-6
Evaluate -1 + -8 - (-19 + 63 + -23).
-30
Evaluate -12 + (-12 - -20) + 16 + 0.
12
What is the value of -1 - (8 + -10 + 4 + 0 + -1)?
-2
Calculate -23 - (-12 - (-12 + 2 - -5)) - -4.
-12
Evaluate (-7 - (0 - 1)) + (-11 + 0 - -6).
-11
What is 6 + -1 + -1 + 8 + -9 - -3?
6
Calculate (-8 - -5) + (-2 - -6 - 8).
-7
What is (-2 + 5 - -3) + 3?
9
Calculate -4 + 2 + (12 - 2).
8
Evaluate (-2 - -1) + -1 + 22 + -14.
6
(16 + -16 - -6 - (-3 + 39)) + 10
-20
Calculate -39 - -46 - (-11 - (-1 + -3)).
14
Evaluate 9 + (0 - (10 + -9 + 23 - -9)).
-24
Calculate 45 - (-11 - -19) - 18.
19
What is the value of -1 + 1 + 20 + -53 + 58 - 5?
20
What is the value of (-8 - -11 - 4) + -12 - 5?
-18
3 + (18 + -7 + 8 + -9 - 15)
-2
Calculate -7 + 2 + -2 + 4 + -2 + -2.
-7
Calculate 22 - 7 - (4 - 1).
12
(77 - 80) + (-3 - (0 - 2))
-4
3 - (11 + -41 + 23)
10
Evaluate -3 + 1 + 2 - (-33 + -28 + 78).
-17
(-4 - 2) + (5 - (12 + -12)) - -7
6
0 - (1 + (-3 - (3 + -4) - -11))
-10
-13 + -1 - (-40 + -52 + 57)
21
What is (18 - ((1 - 13) + 10)) + -6?
14
Calculate -23 + 0 + (140 - 104).
13
What is the value of (64 - 52 - (1 + 6)) + (-3 - -6)?
8
471 + -473 - ((-9 - -1) + 0)
6
Evaluate -8 + (-12 - 0) - -11.
-9
What is 29 - (25 - (-28 - -10))?
-14
Calculate 2 - (4 + -18 - (5 - 4)).
17
What is -2 - (-2 + -1 - 8)?
9
What is the value of -9 - (-4 - (-9 + -4))?
-18
Evaluate 4 - (-2 - -3) - (-29 - -22).
10
What is the value of -24 + 8 + 3 + 5 + -14?
-22
What is (1 - (12 - 5)) + -6?
-12
Evaluate (37 - 12) + 17 + -50.
-8
47 + -24 + (-2 - 4) - (0 + 5)
12
What is the value of -7 + (2 - (-26 + 11))?
10
What is the value of (-1 + -9 - 0) + (-185 - -191)?
-4
Calculate 7 - -20 - (32 + -22).
17
(2 - (11 - 11)) + (-2 - 7)
-7
-10 + (-2 - 0 - (13 - (11 + 9)))
-5
What is the value of -2 + 45 + -502 + 467?
8
What is the value of -5 + -2 - (-207 + 191)?
9
What is the value of 19 + (2 + -16 - 4)?
1
Evaluate 1 + 0 + (-13 + 0 + 11 - 4).
-5
What is the value of -12 + (5 - 9 - (3 + -9 - -1))?
-11
Calculate -5 + 5 + -10 + 3 + (-11 - -5).
-13
What is 10 - (11 + -6 + 2) - (2 + 18)?
-17
What is -26 - -12 - -3 - (1 + 0)?
-12
What is -2 + 15 - -3 - (-4 + 11)?
9
Calculate -4 + 21 - (-9 - -13).
13
Calculate -5 - ((0 - (6 - 5)) + -4 + 8).
-8
What is 1 + (0 - 10) + (22 - (6 + 11))?
-4
What is (0 - 14) + (16 - -6) + -28?
-20
Evaluate -2 + (7 - -2) + (3 - 1) + -6.
3
What is (32 - (-4 + 34)) + (0 - (1 + -2))?
3
What is the value of 5 + (7 - -12) + -2?
22
13 + (-4 - (-10 + 0 - -1))
18
Evaluate 22 + (-15 - (-17 - 0)).
24
Evaluate 11 - (-12 + 12 - -17).
-6
What is the value of 45 + -55 + -4 + 1?
-13
Calculate 1 - -1 - (-86 - -47 - -31).
10
Calculate 13 + -2 - (-7 - (-14 + 10)).
14
What is the value of 10 + (11 - 5 - -3 - 23)?
-4
What is -6 - -17 - (13 - 1)?
-1
What is -34 + 20 + 41 + -48?
-21
2 + 7 - (1 - 0) - 1
7
What is the value of 0 + 2 + 0 - -2?
4
12 - (-9 - -6 - -5)
10
(5 - (-15 + 8)) + -14 - 13
-15
-8 + 20 + -28 + 25
9
What is the value of -17 + 4 + 5 - (-2 + 6 - -4)?
-16
Evaluate -1 - 7 - (-71 - (-75 + -18)).
-30
Evaluate 164 - 170 - (-8 - ((1 - 5) + 2)).
0
Calculate 4 + 10 + (1 - 28).
-13
Calculate (28 - (25 + -11)) + -2.
12
What is the value of -11 - -4 - -14 - -2?
9
1 + -10 + (17 - (-8 - (-50 - -11)))
-23
What is the value of (-3141 - -3137) + (-2 - 15) + -2?
-23
Calculate -33 - (0 + (11 - -2) - 18).
-28
Calculate -1 + (3 - 7) + -11 + (10 - -17).
11
What is -19 - (-10 + 13 + (-2 - 1))?
-19
Evaluate (-27 - -18) + (21 - (-6 - -1 - -3)).
14
What is (-6 - (-20 + 23)) + 3?
-6
7 + -1 + 2004 + -2015
-5
Evaluate 33 - (4 + 13) - 12.
4
What is the value of -9 + -4 + -5 + 12 + 1 - -2?
-3
What is the value of 38 - (50 + -20) - 4?
4
Calculate -27 - -2 - -35 - -4.
14
Calculate 0 + 3 + -2 - (-10 - -16).
-5
What is the value of 25 + -7 + -9 - 18 - -19?
10
Evaluate 2 + -9 + 6 + -4 + 16 + 3.
14
Evaluate 0 + 0 + (53 - (-13 - -34) - 38).
-6
Calculate -1 - (19 - (-2 - -31)).
9
What is the value of -30 + 34 - ((-5 - -4 - 8) + -2)?
15
What is the value of 33 - (-34 + 17 - -21)?
29
Calculate -8 - (-10 - (-8 + (-4 - (-3 - 5)))).
